 is divided by (-224)/(-21) - 21/((-1008)/(-176)).
3
Suppose 5*v + v - 9*v = 0. Suppose v = -9*o + o + 48. Calculate the remainder when 20 is divided by o.
2
Suppose -5*q + 6*q = 75. Calculate the remainder when q is divided by 7 - -1*(78/2 - 6).
35
Suppose -7*f + 571 + 304 = 0. Let t = 246 - f. What is the remainder when t is divided by 14?
9
Suppose 105*q = -42*q + 19139 - 1205. What is the remainder when q is divided by 21?
17
Suppose 4*p + 15*m - 12*m - 1800 = 0, 449 = p + m. Calculate the remainder when p is divided by 29.
18
Let f = 323 - 319. Suppose 0 = -x - f*p + 71, x - 3*p - 55 = p. What is the remainder when x is divided by 5?
3
Let o = -5280 - -5288. Calculate the remainder when 1783 is divided by o.
7
Suppose 2*i - 52 = -4*o + 120, 171 = 2*i + 3*o. Let s = 565 + -535. What is the remainder when i is divided by s?
24
Suppose -383*c + 380*c + 540 = 0. Suppose 172 + 11 = 3*d. What is the remainder when c is divided by d?
58
Suppose -64 = 195*m - 196*m. What is the remainder when 125 is divided by m?
61
Let f(k) = 52*k - 4516. Calculate the remainder when 11757 is divided by f(89).
109
Let i be 86/((-49)/(-28) - 2). Let m = 352 + i. Suppose -3*r + 2*j = -11 - 15, -3*r + 3*j + 30 = 0. Calculate the remainder when m is divided by r.
2
Suppose -152*z + 3396 = -148*z + 2*i, -2*i + 2548 = 3*z. Calculate the remainder when z is divided by 37.
34
Let g(p) = 3*p**2 + 2*p + 2. Let z be g(2). Let v = 37 - z. Suppose -47 = -2*i + v. Calculate the remainder when i is divided by 18.
15
Let r(d) = 6*d - 4. Let b be r(-3). Let c = 20 + b. Calculate the remainder when 19 is divided by c + 3*(0 - -3).
5
Let w = 33895 + -33813. What is the remainder when 12051 is divided by w?
79
Suppose 102 = 4*k - 66. Suppose z + 2*i - k = -3*z, 0 = 5*z - 2*i - 30. Calculate the remainder when 77 is divided by z.
5
Let h be 10*(355/(-10) + 2). Let r = h - -341. What is the remainder when 125 is divided by r?
5
Calculate the remainder when (3207/60 - 13/52) + (-12)/10 is divided by 3.
1
Let r = -20793 - -20806. What is the remainder when (-2 + 0)*-1*26 is divided by r?
0
Suppose -120*x = 12*x - 45012. Calculate the remainder when x is divided by 19.
18
Calculate the remainder when 162 is divided by 77 - 78 - (-6 + -1).
0
Let x = -84 + 45. Let g = -42 + x. Let p = g + 105. Calculate the remainder when 94 is divided by p.
22
Suppose -2*k = -7 - 1. Let s be ((-12)/21)/(k/(-2086)). Suppose -52 = 6*v - s. What is the remainder when v is divided by 7?
6
Let x = 4893 - 4880. What is the remainder when 40 is divided by x?
1
Let l(f) = -49*f - 15. Let q be l(-8). Let x = q + -372. What is the remainder when 1/(-3) - (-86)/6 is divided by x?
4
Suppose -58 - 15 = -q. Let v = 260 + -460. Let h = -185 - v. Calculate the remainder when q is divided by h.
13
Let d = 40 - 28. Let f = d + -11. What is the remainder when (-3 - -6)*((-182)/(-21))/13 is divided by f?
0
Calculate the remainder when 59 is divided by (36/10)/((-303)/(-505)).
5
Suppose 17*k + 12*k = 12*k + 92973. Calculate the remainder when k is divided by 96.
93
Suppose -3*c + 2*o = -6, -2*c + 0*o = -o - 5. Suppose 3*z - 5*y = -1707, 3*z + 1521 = 2*y - 186. Let j = z + 570. What is the remainder when c is divided by j?
0
Let g = -68 + 165. Let a be (12/(-8))/(-3)*-278. Let f = a + 153. What is the remainder when g is divided by f?
13
Let q(v) = -2*v**2 - 20*v + 191. Let h be q(-26). Let n = h - -689. What is the remainder when 284 is divided by n?
44
Let m(l) = l**2 + l - 7. Let p = -5 + -1. What is the remainder when -50*(p/10 + (-21)/15) is divided by m(-5)?
9
Let o = -48 - -139. Let l(q) be the third derivative of 5*q**4/24 + 69*q**3/2 + 90*q**2 - 2. What is the remainder when o is divided by l(-32)?
44
Let y = 187 - 180. Let n(q) = -q**2 + 18*q - 52. Calculate the remainder when n(y) is divided by 21.
4
Suppose -3*i + 5*i - 3*q + 1074 = 0, 0 = 5*q + 10. Let a = i + 603. Calculate the remainder when a is divided by 32.
31
Let x = -66 + 70. Suppose 2*s + 2*s - x*r = -308, -r = 5*s + 385. Let b = s - -90. What is the remainder when 33 is divided by b?
7
Let b = 5316 + -5250. Calculate the remainder when 391 is divided by b.
61
Suppose 0 = -b - q + 28, 15*b - 5*q = 19*b - 117. Let i(v) = -103*v. What is the remainder when i(-2) is divided by b?
22
Suppose -3*g + 9*g = 48. Calculate the remainder when 33 is divided by g.
1
Let r(p) = -2*p**3 + 192*p**2 + 1304*p - 8085. Let i be (-15)/(-12)*(-16)/2. Let c = i + 26. What is the remainder when r(102) is divided by c?
11
Suppose -50*c = 7*c + 248 - 1103. Calculate the remainder when 487 is divided by c.
7
Suppose 0 = -60*z + 66*z - 72. Suppose 0 = 4*x - 185 - 135. Calculate the remainder when x is divided by z.
8
Let y be (-5 - -1) + 13 + -9. Suppose -266*l + 260*l + 414 = y. Calculate the remainder when l is divided by 8.
5
Suppose -590 + 270 = -10*t. What is the remainder when 2014 is divided by t?
30
Calculate the remainder when 27006 is divided by (-2)/(-18) + -26 + (-33376)/(-126).
238
Suppose -7*o + 18 = -17. Suppose -o*g = -20 - 35. Calculate the remainder when ((-1365)/63)/((-2)/6) is divided by g.
10
Let m(c) = 3*c**2 - c + 3. Let f(o) = 4*o**2 - 329*o + 654. What is the remainder when m(-4) is divided by f(2)?
7
Let r = 2943 - 2929. What is the remainder when 301 is divided by r?
7
Let f = 13 - 5. Let j(b) = 4*b**2 - b - 1. Let m be j(1). Suppose 5*w - 7*n - 70 = -10*n, 3*n + 28 = m*w. Calculate the remainder when w is divided by f.
6
Suppose -68 = -2*d + 996. Let k = -268 + d. What is the remainder when k is divided by 53?
52
Let q = 6244 + -6186. What is the remainder when 3187 is divided by q?
55
Let n = 3481 - 3462. What is the remainder when 128 is divided by n?
14
Suppose y = -2*k - k + 40, 2*y = -2*k + 72. Let l = -35 - -272. What is the remainder when l is divided by y?
33
Let y(p) be the third derivative of 0*p + 0 - 5/24*p**4 - 20*p**2 + 1/60*p**5 + 5/6*p**3. What is the remainder when y(9) is divided by 7?
6
Suppose -1793 - 330 = -38*s + 385. What is the remainder when s is divided by 41?
25
Let l = 84 + -51. Let u = -21 + 25. Suppose -91 + 19 = -4*p + 2*d, u = -2*d. Calculate the remainder when l is divided by p.
16
Let p be (3 - -1) + -27 - -4. Let m(i) = -i**2 - 17*i + 25. Let q be m(p). Let r(b) = -b + 1. Calculate the remainder when 26 is divided by r(q).
12
Suppose -365 = -5*w + 3*u + 80, 61 = w + 5*u. Suppose 5*z + 46 = 7*z. What is the remainder when w is divided by z?
17
Let d be (-68)/36*3 + (-2)/(-3). Let g(s) = -4*s**2 - 11*s - 20. Let p be g(d). Calculate the remainder when ((-6)/(-15))/((-196)/p + -3) is divided by 10.
6
Calculate the remainder when 677 is divided by 929921/4291 - 16/(-7).
20
Let m = -25 - -24. Let h = m - -36. What is the remainder when h is divided by 151/7 - (-40)/(-70)?
14
Suppose 0 = -3*o - 243 - 366. Let x = o - -210. Calculate the remainder when x is divided by 7.
0
Let i(p) = -189*p + 1288. What is the remainder when i(-14) is divided by 73?
65
Let j be 3/4*(-112)/(-42). Suppose 4*b + q + 48 = 0, -2*b - 24 = j*q + 3*q. Calculate the remainder when 26 is divided by 27*2/b*-2.
8
Let t = -23 - -101. Let i = t - 26. Suppose -i = -37*s + 35*s. Calculate the remainder when s is divided by 10.
6
Let l = -5763 - -5769. Suppose -g - 46 = -2*g. What is the remainder when g is divided by l?
4
Suppose 7 = c + 1. Suppose c = -3*p + p, 0 = 4*z - p - 67. Calculate the remainder when z is divided by 5.
1
Suppose y = 6*y - 160. Let b = 2282 + -2269. Calculate the remainder when y is divided by b.
6
Let l(a) = 2*a**2 - 2*a - 2. Let v be l(0). Let n = 19 - v. Let d = n - -5. Calculate the remainder when 128 is divided by d.
24
Suppose 0 = -27*d + 19*d + 6048. Suppose 5*h + d = 19*h. What is the remainder when 133 is divided by h?
25
Let v = -205 + 237. Let d = -390 + 674. Calculate the remainder when d is divided by v.
28
Let o(d) = 7*d**2 + d - 1. Suppose -3*g = -v - 18, 0 = -v + 13 - 19. What is the remainder when o(-3) is divided by g?
3
Suppose -7*b - 168 = -10*b. Let y(s) = s**2 + 3*s - 7. Let j be y(-5). Suppose 49 = j*v + 10. What is the remainder when b is divided by v?
4
Suppose 548 = 2*x - 4*b, -3*x - 1 = -4*b - 807. What is the remainder when 741 is divided by x?
225
Let r(w) = 9*w + 325. Let t(y) = 3. Let q(m) = -r(m) +